{"id":8778,"date":"2023-03-17T13:11:08","date_gmt":"2023-03-17T13:11:08","guid":{"rendered":"https:\/\/forjas2000barcelona.com\/politica-de-privadesa\/"},"modified":"2024-08-01T21:59:51","modified_gmt":"2024-08-01T21:59:51","slug":"politica-de-privadesa","status":"publish","type":"page","link":"https:\/\/forjas2000barcelona.com\/ca\/politica-de-privadesa\/","title":{"rendered":"Pol\u00edtica de privadesa"},"content":{"rendered":"&#13;\n<p><strong>1. INFORMACI\u00d3 A L&#8217;USUARI<\/strong><\/p>&#13;\n&#13;\n<p>FORJAS 2000 BARCELONA SL \u00e9s la Responsable del tractament de les dades personals de l&#8217;Usuari i us informa que aquestes dades seran tractades de conformitat amb el que disposa el Reglament (UE) 2016\/679 de 27 d&#8217;abril de 2016 (GDPR) relatiu a la protecci\u00f3 de les persones f\u00edsiques pel que fa al tractament de dades personals ia la lliure circulaci\u00f3 d&#8217;aquestes dades, per la qual cosa se li facilita la informaci\u00f3 seg\u00fcent del tractament:<\/p>&#13;\n&#13;\n<p><strong>Fi del tractament:<\/strong> mantenir una relaci\u00f3 comercial amb l&#8217;usuari. Les operacions previstes per realitzar el tractament s\u00f3n:<\/p>&#13;\n&#13;\n<p>\u2022 Realitzar estudis estad\u00edstics.<br\/>\u2022 Tramitar enc\u00e0rrecs, sol\u00b7licituds o qualsevol tipus de petici\u00f3 que sigui realitzada per l&#8217;usuari a trav\u00e9s de qualsevol de les formes de contacte que es posen a la vostra disposici\u00f3.<br\/>\u2022 Remetre el butllet\u00ed de not\u00edcies de la p\u00e0gina web.<\/p>&#13;\n&#13;\n<p><strong>Criteris de conservaci\u00f3 de les dades:<\/strong> es conservaran mentre hi hagi un inter\u00e8s mutu per mantenir la fi del tractament i quan ja no sigui necessari per a aquesta finalitat, se suprimiran amb mesures de seguretat adequades per garantir-ne la destrucci\u00f3 total.<\/p>&#13;\n&#13;\n<p><strong>Comunicaci\u00f3 de les dades:<\/strong> No es comunicaran les dades a tercers, excepte obligaci\u00f3 legal.<\/p>&#13;\n&#13;\n<p><strong>Drets que assisteixen a l&#8217;Usuari:<\/strong><\/p>&#13;\n&#13;\n<p>\u2022 Dret a retirar el consentiment en qualsevol moment.<br\/>\u2022 Dret d&#8217;acc\u00e9s, rectificaci\u00f3, portabilitat i supressi\u00f3 de les vostres dades ia la limitaci\u00f3 o oposici\u00f3 al tractament.<br\/>\u2022 Dret a presentar una reclamaci\u00f3 davant de l&#8217;autoritat de control (agpd.es) si considera que el tractament no s&#8217;ajusta a la normativa vigent.<\/p>&#13;\n&#13;\n<p>Dades de contacte per exercir els seus drets:<\/p>&#13;\n\r\n<ul class=\"wp-block-list\">&#13;\n<li><strong>Titular:<\/strong> FORJES 2000 BARCELONA SL<\/li>&#13;\n\r\n\r\n&#13;\n<li><strong>Adre\u00e7a:<\/strong> Avda. Cerdanyola 79-81 Edifici INBISA II<br\/> 08172 Sant Cugat del Vall\u00e8s \u2013 Barcelona<\/li>&#13;\n\r\n\r\n&#13;\n<li><strong>Contacte:<\/strong> Telf.: 937 479 067, Email: bcn@forjas2000.com<\/li>&#13;\n\r\n\r\n&#13;\n<li><strong>NIF:<\/strong> B63888184<\/li>&#13;\n<\/ul>\r\n&#13;\n<p><strong>2. CAR\u00c0CTER OBLIGATORI O FACULTATIU DE LA INFORMACI\u00d3 FACILITADA PER L&#8217;USUARI<\/strong><\/p>&#13;\n&#13;\n<p>Els Usuaris, mitjan\u00e7ant la marcaci\u00f3 de les caselles corresponents i entrada de dades als camps, marcats amb un asterisc (*) al formulari de contacte o presentats en formularis de desc\u00e0rrega, accepten expressament i de forma lliure i inequ\u00edvoca, que les seves dades s\u00f3n necessaris per atendre la seva petici\u00f3, per part del prestador, i \u00e9s volunt\u00e0ria la inclusi\u00f3 de dades en els camps restants. L&#8217;Usuari garanteix que les dades personals facilitades a FORJAS 2000 BARCELONA SL s\u00f3n veraces i es fa responsable de comunicar-ne qualsevol modificaci\u00f3.<\/p>&#13;\n&#13;\n<p>FORJAS 2000 BARCELONA SL informa i garanteix expressament als usuaris que les seves dades personals no seran cedides en cap cas a tercers, i que sempre que realitz\u00e9s algun tipus de cessi\u00f3 de dades personals, es demanar\u00e0 pr\u00e8viament el consentiment expr\u00e9s, informat i inequ\u00edvoc per part dels Usuaris. Totes les dades sol\u00b7licitades a trav\u00e9s del lloc web s\u00f3n obligat\u00f2ries, ja que s\u00f3n necess\u00e0ries per a la prestaci\u00f3 d&#8217;un servei \u00f2ptim a l&#8217;usuari. En cas que no siguin facilitades totes les dades, no es garanteix que la informaci\u00f3 i els serveis facilitats siguin completament ajustats a les seves necessitats.<\/p>&#13;\n&#13;\n<p><strong>3. MESURES DE SEGURETAT<\/strong><\/p>&#13;\n&#13;\n<p>Que de conformitat amb el que disposen les normatives vigents en protecci\u00f3 de dades personals, FORJAS 2000 BARCELONA SL est\u00e0 complint amb totes les disposicions de les normatives GDPR per al tractament de les dades personals de la seva responsabilitat, i manifestament amb els principis descrits a l&#8217;article 5 del GDPR, pels quals s\u00f3n tractats de manera l\u00edcita, lleial i transparent en relaci\u00f3 amb l&#8217;interessat i adequats, pertinents i limitats a all\u00f2 necessari en relaci\u00f3 amb els fins per als quals s\u00f3n tractats.<\/p>&#13;\n&#13;\n<p>FORJAS 2000 BARCELONA SL garanteix que ha implementat pol\u00edtiques t\u00e8cniques i organitzatives apropiades per aplicar les mesures de seguretat que estableixen el GDPR per tal de protegir els drets i les llibertats dels Usuaris i els ha comunicat la informaci\u00f3 adequada perqu\u00e8 puguin exercir-los.<\/p>&#13;\n\r\n<div class=\"wp-block-spacer\" style=\"height: 80px;\" aria-hidden=\"true\">\u00a0<\/div>\r\n","protected":false},"excerpt":{"rendered":"<p>&#13; 1. INFORMACI\u00d3 A L&#8217;USUARI &#13; &#13; FORJAS 2000 BARCELONA SL \u00e9s la Responsable del tractament de les dades personals de l&#8217;Usuari i us informa que aquestes dades seran tractades&#8230;<\/p>\n","protected":false},"author":1,"featured_media":0,"parent":0,"menu_order":0,"comment_status":"closed","ping_status":"closed","template":"","meta":{"footnotes":""},"class_list":["post-8778","page","type-page","status-publish"],"yoast_head":"<!-- This site is optimized with the Yoast SEO plugin v27.5 - https:\/\/yoast.com\/product\/yoast-seo-wordpress\/ -->\n<title>Pol\u00edtica de privadesa<\/title>\n<meta name=\"description\" content=\"Pol\u00edtica de privadesa\" \/>\n<meta name=\"robots\" content=\"noindex, nofollow\" \/>\n<meta property=\"og:locale\" content=\"ca_ES\" \/>\n<meta property=\"og:type\" content=\"article\" \/>\n<meta property=\"og:title\" content=\"Pol\u00edtica de privadesa\" \/>\n<meta property=\"og:description\" content=\"Pol\u00edtica de privadesa\" \/>\n<meta property=\"og:url\" content=\"https:\/\/forjas2000barcelona.com\/ca\/politica-de-privadesa\/\" \/>\n<meta property=\"og:site_name\" content=\"Forjas 2000 - Barandillas escaleras acero inoxidable en Barcelona\" \/>\n<meta property=\"article:modified_time\" content=\"2024-08-01T21:59:51+00:00\" \/>\n<meta name=\"twitter:card\" content=\"summary_large_image\" \/>\n<meta name=\"twitter:label1\" content=\"Temps estimat de lectura\" \/>\n\t<meta name=\"twitter:data1\" content=\"3 minuts\" \/>\n<script type=\"application\/ld+json\" class=\"yoast-schema-graph\">{\"@context\":\"https:\\\/\\\/schema.org\",\"@graph\":[{\"@type\":\"WebPage\",\"@id\":\"https:\\\/\\\/forjas2000barcelona.com\\\/ca\\\/politica-de-privadesa\\\/\",\"url\":\"https:\\\/\\\/forjas2000barcelona.com\\\/ca\\\/politica-de-privadesa\\\/\",\"name\":\"Pol\u00edtica de privadesa\",\"isPartOf\":{\"@id\":\"https:\\\/\\\/forjas2000barcelona.com\\\/#website\"},\"datePublished\":\"2023-03-17T13:11:08+00:00\",\"dateModified\":\"2024-08-01T21:59:51+00:00\",\"description\":\"Pol\u00edtica de privadesa\",\"breadcrumb\":{\"@id\":\"https:\\\/\\\/forjas2000barcelona.com\\\/ca\\\/politica-de-privadesa\\\/#breadcrumb\"},\"inLanguage\":\"ca\",\"potentialAction\":[{\"@type\":\"ReadAction\",\"target\":[\"https:\\\/\\\/forjas2000barcelona.com\\\/ca\\\/politica-de-privadesa\\\/\"]}]},{\"@type\":\"BreadcrumbList\",\"@id\":\"https:\\\/\\\/forjas2000barcelona.com\\\/ca\\\/politica-de-privadesa\\\/#breadcrumb\",\"itemListElement\":[{\"@type\":\"ListItem\",\"position\":1,\"name\":\"Portada\",\"item\":\"https:\\\/\\\/forjas2000barcelona.com\\\/ca\\\/\"},{\"@type\":\"ListItem\",\"position\":2,\"name\":\"Pol\u00edtica de privadesa\"}]},{\"@type\":\"WebSite\",\"@id\":\"https:\\\/\\\/forjas2000barcelona.com\\\/#website\",\"url\":\"https:\\\/\\\/forjas2000barcelona.com\\\/\",\"name\":\"Forjas 2000 - Barandillas escaleras acero inoxidable en Barcelona\",\"description\":\"Elementos decorativos en acero inoxidable y forja tradicional. Barandillas de acero inoxidable en Barcelona. Forja y Lat\u00f3n en Barcelona.\",\"potentialAction\":[{\"@type\":\"SearchAction\",\"target\":{\"@type\":\"EntryPoint\",\"urlTemplate\":\"https:\\\/\\\/forjas2000barcelona.com\\\/?s={search_term_string}\"},\"query-input\":{\"@type\":\"PropertyValueSpecification\",\"valueRequired\":true,\"valueName\":\"search_term_string\"}}],\"inLanguage\":\"ca\"}]}<\/script>\n<!-- \/ Yoast SEO plugin. -->","yoast_head_json":{"title":"Pol\u00edtica de privadesa","description":"Pol\u00edtica de privadesa","robots":{"index":"noindex","follow":"nofollow"},"og_locale":"ca_ES","og_type":"article","og_title":"Pol\u00edtica de privadesa","og_description":"Pol\u00edtica de privadesa","og_url":"https:\/\/forjas2000barcelona.com\/ca\/politica-de-privadesa\/","og_site_name":"Forjas 2000 - Barandillas escaleras acero inoxidable en Barcelona","article_modified_time":"2024-08-01T21:59:51+00:00","twitter_card":"summary_large_image","twitter_misc":{"Temps estimat de lectura":"3 minuts"},"schema":{"@context":"https:\/\/schema.org","@graph":[{"@type":"WebPage","@id":"https:\/\/forjas2000barcelona.com\/ca\/politica-de-privadesa\/","url":"https:\/\/forjas2000barcelona.com\/ca\/politica-de-privadesa\/","name":"Pol\u00edtica de privadesa","isPartOf":{"@id":"https:\/\/forjas2000barcelona.com\/#website"},"datePublished":"2023-03-17T13:11:08+00:00","dateModified":"2024-08-01T21:59:51+00:00","description":"Pol\u00edtica de privadesa","breadcrumb":{"@id":"https:\/\/forjas2000barcelona.com\/ca\/politica-de-privadesa\/#breadcrumb"},"inLanguage":"ca","potentialAction":[{"@type":"ReadAction","target":["https:\/\/forjas2000barcelona.com\/ca\/politica-de-privadesa\/"]}]},{"@type":"BreadcrumbList","@id":"https:\/\/forjas2000barcelona.com\/ca\/politica-de-privadesa\/#breadcrumb","itemListElement":[{"@type":"ListItem","position":1,"name":"Portada","item":"https:\/\/forjas2000barcelona.com\/ca\/"},{"@type":"ListItem","position":2,"name":"Pol\u00edtica de privadesa"}]},{"@type":"WebSite","@id":"https:\/\/forjas2000barcelona.com\/#website","url":"https:\/\/forjas2000barcelona.com\/","name":"Forjas 2000 - Barandillas escaleras acero inoxidable en Barcelona","description":"Elementos decorativos en acero inoxidable y forja tradicional. Barandillas de acero inoxidable en Barcelona. Forja y Lat\u00f3n en Barcelona.","potentialAction":[{"@type":"SearchAction","target":{"@type":"EntryPoint","urlTemplate":"https:\/\/forjas2000barcelona.com\/?s={search_term_string}"},"query-input":{"@type":"PropertyValueSpecification","valueRequired":true,"valueName":"search_term_string"}}],"inLanguage":"ca"}]}},"_links":{"self":[{"href":"https:\/\/forjas2000barcelona.com\/ca\/wp-json\/wp\/v2\/pages\/8778","targetHints":{"allow":["GET"]}}],"collection":[{"href":"https:\/\/forjas2000barcelona.com\/ca\/wp-json\/wp\/v2\/pages"}],"about":[{"href":"https:\/\/forjas2000barcelona.com\/ca\/wp-json\/wp\/v2\/types\/page"}],"author":[{"embeddable":true,"href":"https:\/\/forjas2000barcelona.com\/ca\/wp-json\/wp\/v2\/users\/1"}],"replies":[{"embeddable":true,"href":"https:\/\/forjas2000barcelona.com\/ca\/wp-json\/wp\/v2\/comments?post=8778"}],"version-history":[{"count":1,"href":"https:\/\/forjas2000barcelona.com\/ca\/wp-json\/wp\/v2\/pages\/8778\/revisions"}],"predecessor-version":[{"id":8780,"href":"https:\/\/forjas2000barcelona.com\/ca\/wp-json\/wp\/v2\/pages\/8778\/revisions\/8780"}],"wp:attachment":[{"href":"https:\/\/forjas2000barcelona.com\/ca\/wp-json\/wp\/v2\/media?parent=8778"}],"curies":[{"name":"wp","href":"https:\/\/api.w.org\/{rel}","templated":true}]}}

Política de privadesa

&#13;
<p><strong>1. INFORMACIÓ A L&#8217;USUARI</strong></p>&#13;
&#13;
<p>FORJAS 2000 BARCELONA SL és la Responsable del tractament de les dades personals de l&#8217;Usuari i us informa que aquestes dades seran tractades de conformitat amb el que disposa el Reglament (UE) 2016/679 de 27 d&#8217;abril de 2016 (GDPR) relatiu a la protecció de les persones físiques pel que fa al tractament de dades personals ia la lliure circulació d&#8217;aquestes dades, per la qual cosa se li facilita la informació següent del tractament:</p>&#13;
&#13;
<p><strong>Fi del tractament:</strong> mantenir una relació comercial amb l&#8217;usuari. Les operacions previstes per realitzar el tractament són:</p>&#13;
&#13;
<p>• Realitzar estudis estadístics.<br/>• Tramitar encàrrecs, sol·licituds o qualsevol tipus de petició que sigui realitzada per l&#8217;usuari a través de qualsevol de les formes de contacte que es posen a la vostra disposició.<br/>• Remetre el butlletí de notícies de la pàgina web.</p>&#13;
&#13;
<p><strong>Criteris de conservació de les dades:</strong> es conservaran mentre hi hagi un interès mutu per mantenir la fi del tractament i quan ja no sigui necessari per a aquesta finalitat, se suprimiran amb mesures de seguretat adequades per garantir-ne la destrucció total.</p>&#13;
&#13;
<p><strong>Comunicació de les dades:</strong> No es comunicaran les dades a tercers, excepte obligació legal.</p>&#13;
&#13;
<p><strong>Drets que assisteixen a l&#8217;Usuari:</strong></p>&#13;
&#13;
<p>• Dret a retirar el consentiment en qualsevol moment.<br/>• Dret d&#8217;accés, rectificació, portabilitat i supressió de les vostres dades ia la limitació o oposició al tractament.<br/>• Dret a presentar una reclamació davant de l&#8217;autoritat de control (agpd.es) si considera que el tractament no s&#8217;ajusta a la normativa vigent.</p>&#13;
&#13;
<p>Dades de contacte per exercir els seus drets:</p>&#13;

<ul class="wp-block-list">&#13;
<li><strong>Titular:</strong> FORJES 2000 BARCELONA SL</li>&#13;


&#13;
<li><strong>Adreça:</strong> Avda. Cerdanyola 79-81 Edifici INBISA II<br/> 08172 Sant Cugat del Vallès – Barcelona</li>&#13;


&#13;
<li><strong>Contacte:</strong> Telf.: 937 479 067, Email: bcn@forjas2000.com</li>&#13;


&#13;
<li><strong>NIF:</strong> B63888184</li>&#13;
</ul>
&#13;
<p><strong>2. CARÀCTER OBLIGATORI O FACULTATIU DE LA INFORMACIÓ FACILITADA PER L&#8217;USUARI</strong></p>&#13;
&#13;
<p>Els Usuaris, mitjançant la marcació de les caselles corresponents i entrada de dades als camps, marcats amb un asterisc (*) al formulari de contacte o presentats en formularis de descàrrega, accepten expressament i de forma lliure i inequívoca, que les seves dades són necessaris per atendre la seva petició, per part del prestador, i és voluntària la inclusió de dades en els camps restants. L&#8217;Usuari garanteix que les dades personals facilitades a FORJAS 2000 BARCELONA SL són veraces i es fa responsable de comunicar-ne qualsevol modificació.</p>&#13;
&#13;
<p>FORJAS 2000 BARCELONA SL informa i garanteix expressament als usuaris que les seves dades personals no seran cedides en cap cas a tercers, i que sempre que realitzés algun tipus de cessió de dades personals, es demanarà prèviament el consentiment exprés, informat i inequívoc per part dels Usuaris. Totes les dades sol·licitades a través del lloc web són obligatòries, ja que són necessàries per a la prestació d&#8217;un servei òptim a l&#8217;usuari. En cas que no siguin facilitades totes les dades, no es garanteix que la informació i els serveis facilitats siguin completament ajustats a les seves necessitats.</p>&#13;
&#13;
<p><strong>3. MESURES DE SEGURETAT</strong></p>&#13;
&#13;
<p>Que de conformitat amb el que disposen les normatives vigents en protecció de dades personals, FORJAS 2000 BARCELONA SL està complint amb totes les disposicions de les normatives GDPR per al tractament de les dades personals de la seva responsabilitat, i manifestament amb els principis descrits a l&#8217;article 5 del GDPR, pels quals són tractats de manera lícita, lleial i transparent en relació amb l&#8217;interessat i adequats, pertinents i limitats a allò necessari en relació amb els fins per als quals són tractats.</p>&#13;
&#13;
<p>FORJAS 2000 BARCELONA SL garanteix que ha implementat polítiques tècniques i organitzatives apropiades per aplicar les mesures de seguretat que estableixen el GDPR per tal de protegir els drets i les llibertats dels Usuaris i els ha comunicat la informació adequada perquè puguin exercir-los.</p>&#13;

<div class="wp-block-spacer" style="height: 80px;" aria-hidden="true"> </div>

<p>&#13; 1. INFORMACIÓ A L&#8217;USUARI &#13; &#13; FORJAS 2000 BARCELONA SL és la Responsable del tractament de les dades personals de l&#8217;Usuari i us informa que aquestes dades seran tractades&#8230;</p>

<!-- This site is optimized with the Yoast SEO plugin v27.5 - https://yoast.com/product/yoast-seo-wordpress/ -->
<title>Política de privadesa</title>
<meta name="description" content="Política de privadesa" />
<meta name="robots" content="noindex, nofollow" />
<meta property="og:locale" content="ca_ES" />
<meta property="og:type" content="article" />
<meta property="og:title" content="Política de privadesa" />
<meta property="og:description" content="Política de privadesa" />
<meta property="og:url" content="https://forjas2000barcelona.com/ca/politica-de-privadesa/" />
<meta property="og:site_name" content="Forjas 2000 - Barandillas escaleras acero inoxidable en Barcelona" />
<meta property="article:modified_time" content="2024-08-01T21:59:51+00:00" />
<meta name="twitter:card" content="summary_large_image" />
<meta name="twitter:label1" content="Temps estimat de lectura" />
	<meta name="twitter:data1" content="3 minuts" />
<script type="application/ld+json" class="yoast-schema-graph">{"@context":"https:\/\/schema.org","@graph":[{"@type":"WebPage","@id":"https:\/\/forjas2000barcelona.com\/ca\/politica-de-privadesa\/","url":"https:\/\/forjas2000barcelona.com\/ca\/politica-de-privadesa\/","name":"Política de privadesa","isPartOf":{"@id":"https:\/\/forjas2000barcelona.com\/#website"},"datePublished":"2023-03-17T13:11:08+00:00","dateModified":"2024-08-01T21:59:51+00:00","description":"Política de privadesa","breadcrumb":{"@id":"https:\/\/forjas2000barcelona.com\/ca\/politica-de-privadesa\/#breadcrumb"},"inLanguage":"ca","potentialAction":[{"@type":"ReadAction","target":["https:\/\/forjas2000barcelona.com\/ca\/politica-de-privadesa\/"]}]},{"@type":"BreadcrumbList","@id":"https:\/\/forjas2000barcelona.com\/ca\/politica-de-privadesa\/#breadcrumb","itemListElement":[{"@type":"ListItem","position":1,"name":"Portada","item":"https:\/\/forjas2000barcelona.com\/ca\/"},{"@type":"ListItem","position":2,"name":"Política de privadesa"}]},{"@type":"WebSite","@id":"https:\/\/forjas2000barcelona.com\/#website","url":"https:\/\/forjas2000barcelona.com\/","name":"Forjas 2000 - Barandillas escaleras acero inoxidable en Barcelona","description":"Elementos decorativos en acero inoxidable y forja tradicional. Barandillas de acero inoxidable en Barcelona. Forja y Latón en Barcelona.","potentialAction":[{"@type":"SearchAction","target":{"@type":"EntryPoint","urlTemplate":"https:\/\/forjas2000barcelona.com\/?s={search_term_string}"},"query-input":{"@type":"PropertyValueSpecification","valueRequired":true,"valueName":"search_term_string"}}],"inLanguage":"ca"}]}</script>
<!-- / Yoast SEO plugin. -->

Elementos decorativos en acero inoxidable y forja tradicional. Barandillas de acero inoxidable en Barcelona. Forja y Latón en Barcelona.
